ppose -28*r + 2981 + 19154 = -54081. Is r a prime number?
False
Let t be 4 + -2*(-1)/2. Suppose 631 = j - 2904. Suppose -j = -10*b + t*b. Is b composite?
True
Let c be 3 + 6/2 + -2. Let d(t) = -25*t**2 - 22*t - 9. Let w(g) = 8*g**2 + 8*g + 3. Let v(k) = -3*d(k) - 8*w(k). Is v(c) a prime number?
False
Let d(m) = -2*m**3 - 9*m**2 - 4*m + 4. Let y be d(-4). Suppose 0 + 8 = -4*z, -2*z - 32568 = -y*k. Is k prime?
False
Let l be 4/18 - 43/(-9). Suppose 10*f - 54 + 14 = 0. Suppose f*g + 5*k - 3742 = 0, 2*g - 1862 = l*k - 3*k. Is g a prime number?
False
Suppose -4*z - 48224 = 3*x, 24112 = -2*z - 2*x + 3*x. Let u = -5204 - z. Suppose -5*f + u = -f. Is f a prime number?
False
Suppose -2*k - d - 371 - 8 = 0, -3*k + 2*d = 551. Let h = k - -330. Suppose 2502 = 7*w + h. Is w composite?
False
Let b(x) be the first derivative of -x**2 + 12*x + 23. Let y be b(4). Suppose -5*a + 3765 = -y*k, 3*a + 3*k = -0*k + 2232. Is a a composite number?
True
Is 176515 + 3 + (23 - 38) a prime number?
True
Suppose -10*b + b = 45. Let y = b + 10. Suppose -g + 569 = y*m, 3*g - m - 1150 - 525 = 0. Is g a composite number?
True
Suppose 7*o - 3 - 25 = 0. Suppose 4*c - 5229 = -o*v - 681, 5*c - 5703 = 4*v. Is c composite?
True
Suppose 0 = -7*r - 3158 + 20707. Is r composite?
True
Let k = 17612 - -14019. Is k composite?
True
Let k(c) = 342*c**2 - 665*c + 21. Is k(-32) a prime number?
True
Let p = 8357 - 2938. Let l = p - -4660. Is l prime?
True
Suppose -5*p - 40164 = -8*p. Let q = p - 4807. Is q prime?
True
Let b be (7 - -1 - 3) + -2. Suppose -b*y + 1788 = 4*g, -g + 0*y = -y - 447. Suppose -4829 = -2*s - g. Is s composite?
True
Let a(j) = 6*j**2 - 2*j + 2. Suppose 4*t = -5*p + 8*t + 9, -5 = 5*t. Let u be a(p). Let f = u + 287. Is f composite?
False
Suppose 5*f - 3 = 7. Let y be (f/3)/(2/18). Suppose 3*x + 8655 = y*x. Is x composite?
True
Let t be 0 + 93/15 - 30/25. Suppose -t*j + 2047 = -67708. Is j a composite number?
True
Let q(x) = -50*x. Let b be q(2). Let j be (-38992)/(-18) - (b/(-45))/10. Suppose 3*f = -3*f + j. Is f prime?
False
Is ((-158077)/(-2))/((-3)/(-6)) a composite number?
False
Let z = 57 - 58. Let v be 0/(z + -3 + 3). Is 149/(v - -4 - 3) composite?
False
Suppose 4*i + 5*d + 1103 = 0, 5*i - 8*d = -10*d - 1383. Let m = 774 + i. Is m a prime number?
False
Suppose 2*t + 451408 = 5*j - 498005, -20 = 5*t. Is j a composite number?
False
Let z(y) = -3*y**3 - 22*y**2 - 20*y + 53. Is z(-18) prime?
True
Let i(k) = 16416*k**2 - 12*k + 13. Let p be (-27)/(-45) + 4/10. Is i(p) prime?
True
Suppose 2*o - 23174 = 4*w - 3*w, 0 = 2*o - 10. Is (w/(-8))/(-2 - 15/(-6)) composite?
False
Suppose 0 = z + 3*z + 132. Let i = -18 - z. Suppose 0 = -14*g + i*g - 141. Is g prime?
False
Let c be (-2)/6 + 22036/21. Let g(r) = 8*r**2 + r + 1. Let v be g(-9). Let m = c - v. Is m a prime number?
True
Let v be -1*(2 + -2) + 5. Suppose -4218 = -2*p + l + 3*l, p - v*l - 2121 = 0. Is p composite?
True
Suppose r - 14 = -11. Suppose r*c + 4*b = 49553, c - 6943 = -b + 9575. Is c composite?
False
Let t(x) = -1889*x + 7. Let v be (2/5)/(8/20) - 3. Is t(v) a composite number?
True
Suppose 4*i - 89208 = 38*u - 21*u, 5*u - 22339 = -i. Let z be (4/(-10))/(2/(-60)). Suppose l = z*l - i. Is l a prime number?
True
Suppose -2*d + 4*s - 1 = 3*s, -3*s = 2*d - 19. Suppose -d*j = 7*j + 27. Is (1 + -2 - j/(-6))*-206 a composite number?
True
Let q(x) = 28*x**3 - 50*x**2 + 110*x - 377. Is q(25) a composite number?
False
Suppose 11*z - 10*z + 74716 = -3*h, -h = 3*z + 24892. Let w = -7566 - h. Is w prime?
True
Suppose 4*x = -5*w + 341193, -9*x - 3*w = -5*x - 341191. Is x a prime number?
True
Is (-73122 - -1)*((-41)/246)/((-2)/(-12)) a composite number?
False
Let g(h) = 26*h**2 + 78*h - 447. Is g(43) a composite number?
True
Suppose -z + 20 = 5*j, -22 = -5*z - j + 2*j. Let n(l) = -43*l - 8. Let b(h) = -h. Let g(d) = -6*b(d) - n(d). Is g(z) composite?
True
Is 5 - 787224/(156/91 - 2) composite?
False
Suppose 0 = 5*u + 4*g - 103580, 62151 = 3*u + 3*g - 0*g. Suppose 4*p - 5*x = 49460 - 8042, 2*p - x = u. Is p composite?
False
Suppose r - 5*s - 407 = 0, 413 = -3*r + 4*r - 3*s. Suppose -424*j + r*j + 9070 = 0. Is j composite?
True
Let m = -102 + 92. Let w be (-60758)/68*(1 + m/2). Suppose -6*s + 2228 = -w. Is s a composite number?
False
Suppose 141970 = 9*f + 2*f - 9*f. Is f a prime number?
False
Suppose -43*b + 34*b = -12447. Let i = b - -2300. Is i prime?
False
Suppose 2*z - 138627 = -23027. Suppose -s = -5*s + 8, -2*q + s + z = 0. Is q a prime number?
True
Suppose 0 = -y + 2*k + 141367, -531*k + 565492 = 4*y - 536*k. Is y composite?
True
Let m be (72/(-16))/((-6)/4). Suppose -m*g + 3*u + 12813 = 0, -g = -4*u - 5719 + 1448. Is g composite?
False
Let j = 314412 + -157275. Is j prime?
False
Let m be (0 + 35108/6)/(14/(-147)). Let v = m + 102508. Is v a prime number?
False
Suppose 15 = m + m + 5*z, 5*m - 29 = -4*z. Let f(l) = 10*l**2 + 3*l - 2. Is f(m) composite?
False
Suppose -5*o + o + 5*r = -5, -2*o = -3*r - 1. Let i(b) = 855*b - 4. Is i(o) a composite number?
False
Suppose -i + 4*c + 277133 = 0, 5*i - 4*c + 0*c - 1385601 = 0. Is i a prime number?
False
Let x = -129297 + 200050. Is x prime?
True
Is (6 - 170639/7)/((-7)/154*2) composite?
True
Suppose 0 = p + p + 216. Let c(a) = -2*a**3 - 7*a**2 + 14*a - 46. Let l be c(4). Let b = p - l. Is b a prime number?
False
Is (-1209)/31*(-16078)/6 prime?
False
Let u(i) = 8*i - 33. Let f be u(4). Is (7/(-14) + f)*(-49318)/3 composite?
False
Suppose -3*a = 5*a. Suppose a = -2*z + 5*z - 93. Suppose 4*p + 62 = 6*p + m, z = p - 3*m. Is p a prime number?
True
Let n(c) = 3308*c**2 - 249*c + 1224. Is n(5) composite?
True
Let g be (-544)/(-36) - (-3)/(-27). Suppose -83394 = g*m - 237729. Is m a composite number?
False
Let n be 1/(114/18 - (5 + -4) - 5). Suppose 0 = 2*g - 1933 - 1539. Suppose -g = -n*x - 5*x. Is x prime?
False
Let y(l) = 4814*l + 255. Is y(2) a composite number?
False
Suppose 0*m = -6*m - 36. Let d(r) = -327*r + 4 - 4 - 25*r + 11. Is d(m) a composite number?
True
Let i = 21388 - -11989. Is i a prime number?
True
Suppose 5*l + 21795 = o + 2*l, 4*o = -l + 87193. Suppose -o = -4*i - 2*i. Suppose -3*v = -4*z - 2173, 5*v - i = -2*z + 3*z. Is v a prime number?
True
Let j = -8 + 3. Let z(n) = 0*n - 45 + 0*n + 24*n**2 - 2*n**2 + 74 + 10*n. Is z(j) a composite number?
True
Suppose 5*w + 3*x - 3 - 23 = 0, -2*w + 3*x + 23 = 0. Is w/(21/(-18)) + 5266/2 prime?
False
Let g(b) be the second derivative of -17*b**4/3 - b**3/3 + 4*b**2 - 17*b. Let p be g(6). Is (p/(-12))/1*3 prime?
True
Let p be (10/15)/(4/222). Let y = -34 + p. Suppose o + y*s = -2*s + 794, -3*o + 2317 = 2*s. Is o a prime number?
True
Suppose 5*x = 5*b - 2772850, -b + 162*x - 157*x + 554574 = 0. Is b a composite number?
False
Suppose -2*x + 160770 = -4*q, x + 6632 - 86993 = -4*q. Is x composite?
True
Suppose 0 = 2*j - 0*o - 5*o - 23, -5 = j + 3*o. Is 3995 + 9/(-6)*j a prime number?
True
Let y(q) = q**2 - 8*q + 5. Let j be y(6). Let i(k) = -120*k**2 - 10 - 23*k**3 + 2*k + 112*k**2 + 20*k**3. Is i(j) composite?
False
Let m(q) = 32*q**2 - q - 7. Let w be m(3). Let o = w + -430. Let p = o - -907. Is p composite?
True
Let n(y) = 8966*y**3 - 9*y + 7. Is n(2) a composite number?
True
Let q(y) = -91*y**3 + 3*y**2 + 4*y - 3. Let x(b) = -181*b**3 + 8*b**2 + 8*b - 8. Let c(i) = 5*q(i) - 2*x(i). Is c(-2) a composite number?
False
Let w(d) = d**2 + 21*d - 174. Let r be w(7). Suppose 24*v = r*v + 382. Is v a prime number?
True
Suppose s = -3*t + 8113, -5 + 0 = s. Suppose -k - t = -5*o, 5*k + 1628 = 3*o - 0*k. Is o a prime number?
True
Let w(m) = -2*m**2 - 8*m - 2. Let l be w(-3). Suppose 2*s - l*t - 10174 = -0*t, -4*s + 20296 = 5*t. Is s a composite number?
True
Let v be 4/(-20) - 16/(-5). Suppose 0 = -3*k - 2*s + 3 - 1, s = -v*k + 1. Suppose 2*w - 4*f - 966 = k, 0 = -5*f + 3*f + 2. Is w composite?
True
Let l = 57 - 70. Let n(o) = -254*o + 18. Let g be n(l). Let p = g - 777. Is p prime?
True
Let s = -31165 - -53142. Is s prime?
True
Let z(k) = 0 + 9 + 1177*k + 44*k - 2. Is z(2) prime?
False
Let a(g) = g**2 + 15*g - 1. Let x(j) = -j - 27. Let u be x(-13). Let v be a(u). Is -3*(-5)/v*137*-5 a prime number?
False
Let q(v) = -353*v - 3. Suppose i - 82 = 3*i. Let f = 37 + i. Is q(f) composite?
False
Let z = -94449 + 133636. Is z a composite number?
T